[INFO] cloning repository https://github.com/KerfuffleV2/mandarin-webutil
[INFO] running `Command { std: "git" "-c" "credential.helper=" "-c" "credential.helper=/workspace/cargo-home/bin/git-credential-null" "clone" "--bare" "https://github.com/KerfuffleV2/mandarin-webutil" "/workspace/cache/git-repos/https%3A%2F%2Fgithub.com%2FKerfuffleV2%2Fmandarin-webutil", kill_on_drop: false }`
[INFO] [stderr] Cloning into bare repository '/workspace/cache/git-repos/https%3A%2F%2Fgithub.com%2FKerfuffleV2%2Fmandarin-webutil'...
[INFO] running `Command { std: "git" "rev-parse" "HEAD", kill_on_drop: false }`
[INFO] [stdout] a45b52a519dae982f7512b634e1fd49f6131a081
[INFO] checking KerfuffleV2/mandarin-webutil against master#9610dfe5a9a731ced1ea4923ecbd0c57fe367898 for beta-170-4
[INFO] running `Command { std: "git" "clone" "/workspace/cache/git-repos/https%3A%2F%2Fgithub.com%2FKerfuffleV2%2Fmandarin-webutil" "/workspace/builds/worker-1-tc1/source", kill_on_drop: false }`
[INFO] [stderr] Cloning into '/workspace/builds/worker-1-tc1/source'...
[INFO] [stderr] done.
[INFO] validating manifest of git repo https://github.com/KerfuffleV2/mandarin-webutil on toolchain 9610dfe5a9a731ced1ea4923ecbd0c57fe367898
[INFO] running `Command { std: CARGO_HOME="/workspace/cargo-home" RUSTUP_HOME="/workspace/rustup-home" "/workspace/cargo-home/bin/cargo" "+9610dfe5a9a731ced1ea4923ecbd0c57fe367898" "metadata" "--manifest-path" "Cargo.toml" "--no-deps", kill_on_drop: false }`
[INFO] removed /workspace/builds/worker-1-tc1/source/.cargo/config.toml
[INFO] started tweaking git repo https://github.com/KerfuffleV2/mandarin-webutil
[INFO] finished tweaking git repo https://github.com/KerfuffleV2/mandarin-webutil
[INFO] tweaked toml for git repo https://github.com/KerfuffleV2/mandarin-webutil written to /workspace/builds/worker-1-tc1/source/Cargo.toml
[INFO] crate git repo https://github.com/KerfuffleV2/mandarin-webutil already has a lockfile, it will not be regenerated
[INFO] running `Command { std: CARGO_HOME="/workspace/cargo-home" RUSTUP_HOME="/workspace/rustup-home" "/workspace/cargo-home/bin/cargo" "+9610dfe5a9a731ced1ea4923ecbd0c57fe367898" "fetch" "--manifest-path" "Cargo.toml", kill_on_drop: false }`
[INFO] [stderr]     Blocking waiting for file lock on package cache
[INFO] [stderr]     Updating crates.io index
[INFO] [stderr]  Downloading crates ...
[INFO] [stderr]   Downloaded dioxus-core v0.2.1
[INFO] [stderr]   Downloaded dioxus-hooks v0.2.1
[INFO] [stderr]   Downloaded dioxus-router v0.2.3
[INFO] [stderr]   Downloaded webview2-com-macros v0.5.0
[INFO] [stderr]   Downloaded webview2-com v0.13.0
[INFO] [stderr]   Downloaded webkit2gtk-sys v0.17.0
[INFO] [stderr]   Downloaded pest v2.2.1
[INFO] [stderr]   Downloaded ndk-glue v0.4.2
[INFO] [stderr]   Downloaded tao-core-video-sys v0.2.0
[INFO] [stderr]   Downloaded webkit2gtk v0.17.1
[INFO] [stderr]   Downloaded soup2-sys v0.1.0
[INFO] [stderr]   Downloaded dioxus-web v0.2.1
[INFO] [stderr]   Downloaded dioxus-html v0.2.1
[INFO] [stderr]   Downloaded dioxus-core-macro v0.2.1
[INFO] [stderr]   Downloaded proc-macro-crate v1.2.0
[INFO] [stderr]   Downloaded windows-bindgen v0.30.0
[INFO] [stderr]   Downloaded windows_gen v0.30.0
[INFO] [stderr]   Downloaded windows_macros v0.30.0
[INFO] [stderr]   Downloaded windows_quote v0.30.0
[INFO] [stderr]   Downloaded dioxus-desktop v0.2.3
[INFO] [stderr]   Downloaded dioxus-interpreter-js v0.2.1
[INFO] [stderr]   Downloaded serde-wasm-bindgen v0.4.3
[INFO] [stderr]   Downloaded webbrowser v0.6.0
[INFO] [stderr]   Downloaded dioxus v0.2.4
[INFO] [stderr]   Downloaded fst v0.4.7
[INFO] [stderr]   Downloaded chinese_detection v2.0.1
[INFO] [stderr]   Downloaded wry v0.13.3
[INFO] [stderr]   Downloaded tao v0.6.4
[INFO] [stderr]   Downloaded webview2-com-sys v0.13.0
[INFO] [stderr]   Downloaded character_converter v2.1.2
[INFO] [stderr]   Downloaded windows_reader v0.30.0
[INFO] [stderr]   Downloaded chinese_dictionary v2.1.0
[INFO] running `Command { std: "docker" "create" "-v" "/var/lib/crater-agent-workspace/builds/worker-1-tc1/target:/opt/rustwide/target:rw,Z" "-v" "/var/lib/crater-agent-workspace/builds/worker-1-tc1/source:/opt/rustwide/workdir:ro,Z" "-v" "/var/lib/crater-agent-workspace/cargo-home:/opt/rustwide/cargo-home:ro,Z" "-v" "/var/lib/crater-agent-workspace/rustup-home:/opt/rustwide/rustup-home:ro,Z" "-e" "SOURCE_DIR=/opt/rustwide/workdir" "-e" "CARGO_TARGET_DIR=/opt/rustwide/target" "-e" "CARGO_HOME=/opt/rustwide/cargo-home" "-e" "RUSTUP_HOME=/opt/rustwide/rustup-home" "-w" "/opt/rustwide/workdir" "-m" "1610612736" "--user" "0:0" "--network" "none" "ghcr.io/rust-lang/crates-build-env/linux@sha256:19e73879b68f455e41552ea35293514db52ea292d993f571636dbffedb77a1ee" "/opt/rustwide/cargo-home/bin/cargo" "+9610dfe5a9a731ced1ea4923ecbd0c57fe367898" "metadata" "--no-deps" "--format-version=1", kill_on_drop: false }`
[INFO] [stdout] ddc9af245d12b78d3ae578d374b4c4ed59846044bf9cbf1be713bbd802a6a30a
[INFO] running `Command { std: "docker" "start" "-a" "ddc9af245d12b78d3ae578d374b4c4ed59846044bf9cbf1be713bbd802a6a30a", kill_on_drop: false }`
[INFO] running `Command { std: "docker" "inspect" "ddc9af245d12b78d3ae578d374b4c4ed59846044bf9cbf1be713bbd802a6a30a", kill_on_drop: false }`
[INFO] running `Command { std: "docker" "rm" "-f" "ddc9af245d12b78d3ae578d374b4c4ed59846044bf9cbf1be713bbd802a6a30a", kill_on_drop: false }`
[INFO] [stdout] ddc9af245d12b78d3ae578d374b4c4ed59846044bf9cbf1be713bbd802a6a30a
[INFO] running `Command { std: "docker" "create" "-v" "/var/lib/crater-agent-workspace/builds/worker-1-tc1/target:/opt/rustwide/target:rw,Z" "-v" "/var/lib/crater-agent-workspace/builds/worker-1-tc1/source:/opt/rustwide/workdir:ro,Z" "-v" "/var/lib/crater-agent-workspace/cargo-home:/opt/rustwide/cargo-home:ro,Z" "-v" "/var/lib/crater-agent-workspace/rustup-home:/opt/rustwide/rustup-home:ro,Z" "-e" "SOURCE_DIR=/opt/rustwide/workdir" "-e" "CARGO_TARGET_DIR=/opt/rustwide/target" "-e" "CARGO_INCREMENTAL=0" "-e" "RUST_BACKTRACE=full" "-e" "RUSTFLAGS=--cap-lints=forbid" "-e" "RUSTDOCFLAGS=--cap-lints=forbid" "-e" "CARGO_HOME=/opt/rustwide/cargo-home" "-e" "RUSTUP_HOME=/opt/rustwide/rustup-home" "-w" "/opt/rustwide/workdir" "-m" "1610612736" "--user" "0:0" "--network" "none" "ghcr.io/rust-lang/crates-build-env/linux@sha256:19e73879b68f455e41552ea35293514db52ea292d993f571636dbffedb77a1ee" "/opt/rustwide/cargo-home/bin/cargo" "+9610dfe5a9a731ced1ea4923ecbd0c57fe367898" "check" "--frozen" "--all" "--all-targets" "--message-format=json", kill_on_drop: false }`
[INFO] [stdout] d59570a2ab94ba7806990040ac510fb687a343b011596baf73ae1dc670cd4fb9
[INFO] running `Command { std: "docker" "start" "-a" "d59570a2ab94ba7806990040ac510fb687a343b011596baf73ae1dc670cd4fb9", kill_on_drop: false }`
[INFO] [stderr]    Compiling proc-macro2 v1.0.43
[INFO] [stderr]    Compiling unicode-ident v1.0.3
[INFO] [stderr]    Compiling quote v1.0.21
[INFO] [stderr]    Compiling syn v1.0.99
[INFO] [stderr]    Compiling log v0.4.17
[INFO] [stderr]    Compiling wasm-bindgen-shared v0.2.82
[INFO] [stderr]    Compiling cfg-if v1.0.0
[INFO] [stderr]    Compiling bumpalo v3.10.0
[INFO] [stderr]    Compiling once_cell v1.13.0
[INFO] [stderr]    Compiling memchr v2.5.0
[INFO] [stderr]    Compiling autocfg v1.1.0
[INFO] [stderr]    Compiling serde v1.0.142
[INFO] [stderr]    Compiling wasm-bindgen v0.2.82
[INFO] [stderr]    Compiling futures-core v0.3.21
[INFO] [stderr]    Compiling futures-channel v0.3.21
[INFO] [stderr]    Compiling futures-task v0.3.21
[INFO] [stderr]     Checking futures-sink v0.3.21
[INFO] [stderr]    Compiling futures-util v0.3.21
[INFO] [stderr]     Checking futures-io v0.3.21
[INFO] [stderr]    Compiling cc v1.0.73
[INFO] [stderr]     Checking pin-utils v0.1.0
[INFO] [stderr]    Compiling version_check v0.9.4
[INFO] [stderr]     Checking pin-project-lite v0.2.9
[INFO] [stderr]     Checking gimli v0.26.2
[INFO] [stderr]     Checking adler v1.0.2
[INFO] [stderr]     Checking hashbrown v0.12.3
[INFO] [stderr]    Compiling fst v0.4.7
[INFO] [stderr]    Compiling slab v0.4.7
[INFO] [stderr]    Compiling indexmap v1.9.1
[INFO] [stderr]     Checking miniz_oxide v0.5.3
[INFO] [stderr]     Checking byteorder v1.4.3
[INFO] [stderr]     Checking smallvec v1.9.0
[INFO] [stderr]     Checking rustc-demangle v0.1.21
[INFO] [stderr]     Checking matches v0.1.9
[INFO] [stderr]     Checking fxhash v0.2.1
[INFO] [stderr]     Checking longest-increasing-subsequence v0.1.0
[INFO] [stderr]    Compiling proc-macro-error-attr v1.0.4
[INFO] [stderr]     Checking tinyvec_macros v0.1.0
[INFO] [stderr]    Compiling proc-macro-error v1.0.4
[INFO] [stderr]     Checking tinyvec v1.6.0
[INFO] [stderr]     Checking percent-encoding v2.1.0
[INFO] [stderr]     Checking unicode-bidi v0.3.8
[INFO] [stderr]    Compiling anyhow v1.0.59
[INFO] [stderr]     Checking ryu v1.0.11
[INFO] [stderr]     Checking object v0.29.0
[INFO] [stderr]     Checking form_urlencoded v1.0.1
[INFO] [stderr]    Compiling serde_derive v1.0.142
[INFO] [stderr]     Checking itoa v1.0.3
[INFO] [stderr]     Checking smallstr v0.2.0
[INFO] [stderr]     Checking aho-corasick v0.7.18
[INFO] [stderr]     Checking regex-syntax v0.6.27
[INFO] [stderr]    Compiling backtrace v0.3.66
[INFO] [stderr]     Checking unicode-normalization v0.1.21
[INFO] [stderr]     Checking addr2line v0.17.0
[INFO] [stderr]     Checking idna v0.2.3
[INFO] [stderr]     Checking url v2.2.2
[INFO] [stderr]     Checking regex v1.6.0
[INFO] [stderr]     Checking bincode v1.3.3
[INFO] [stderr]     Checking serde_urlencoded v0.7.1
[INFO] [stderr]     Checking chinese_detection v2.0.1
[INFO] [stderr]    Compiling character_converter v2.1.2
[INFO] [stderr]    Compiling wasm-bindgen-backend v0.2.82
[INFO] [stderr]    Compiling futures-macro v0.3.21
[INFO] [stderr]    Compiling thiserror-impl v1.0.32
[INFO] [stderr]    Compiling dioxus-core-macro v0.2.1
[INFO] [stderr]    Compiling wasm-bindgen-macro-support v0.2.82
[INFO] [stderr]    Compiling wasm-bindgen-macro v0.2.82
[INFO] [stderr]     Checking thiserror v1.0.32
[INFO] [stderr]     Checking js-sys v0.3.59
[INFO] [stderr]     Checking console_error_panic_hook v0.1.7
[INFO] [stderr]     Checking chinese_dictionary v2.1.0
[INFO] [stderr]     Checking dioxus-core v0.2.1
[INFO] [stderr]     Checking futures-executor v0.3.21
[INFO] [stderr]     Checking futures v0.3.21
[INFO] [stderr]     Checking web-sys v0.3.59
[INFO] [stderr]     Checking wasm-bindgen-futures v0.4.32
[INFO] [stderr]     Checking serde-wasm-bindgen v0.4.3
[INFO] [stderr]     Checking gloo-timers v0.2.4
[INFO] [stderr]     Checking dioxus-hooks v0.2.1
[INFO] [stderr]     Checking dioxus-html v0.2.1
[INFO] [stderr]     Checking dioxus-interpreter-js v0.2.1
[INFO] [stderr]     Checking gloo-events v0.1.2
[INFO] [stderr]     Checking dioxus-router v0.2.3
[INFO] [stderr]     Checking dioxus-web v0.2.1
[INFO] [stderr]     Checking dioxus v0.2.4
[INFO] [stderr]     Checking mandarin-webutil v0.0.7 (/opt/rustwide/workdir)
[INFO] [stdout] error[E0432]: unresolved import `web_sys::Clipboard`
[INFO] [stdout]  --> src/clipboard.rs:4:5
[INFO] [stdout]   |
[INFO] [stdout] 4 | use web_sys::Clipboard;
[INFO] [stdout]   |     ^^^^^^^^^^^^^^^^^^ no `Clipboard` in the root
[INFO] [stdout] 
[INFO] [stdout] 
[INFO] [stdout] error[E0432]: unresolved import `web_sys::Clipboard`
[INFO] [stdout]  --> src/clipboard.rs:4:5
[INFO] [stdout]   |
[INFO] [stdout] 4 | use web_sys::Clipboard;
[INFO] [stdout]   |     ^^^^^^^^^^^^^^^^^^ no `Clipboard` in the root
[INFO] [stdout] 
[INFO] [stdout] 
[INFO] [stdout] error[E0599]: no method named `clipboard` found for struct `Navigator` in the current scope
[INFO] [stdout]   --> src/clipboard.rs:14:50
[INFO] [stdout]    |
[INFO] [stdout] 14 |     web_sys::window().and_then(|w| w.navigator().clipboard())
[INFO] [stdout]    |                                                  ^^^^^^^^^ method not found in `Navigator`
[INFO] [stdout] 
[INFO] [stdout] 
[INFO] [stdout] error[E0599]: no method named `clipboard` found for struct `Navigator` in the current scope
[INFO] [stdout]   --> src/clipboard.rs:14:50
[INFO] [stdout]    |
[INFO] [stdout] 14 |     web_sys::window().and_then(|w| w.navigator().clipboard())
[INFO] [stdout]    |                                                  ^^^^^^^^^ method not found in `Navigator`
[INFO] [stdout] 
[INFO] [stdout] 
[INFO] [stdout] error: aborting due to 2 previous errors
[INFO] [stdout] 
[INFO] [stdout] 
[INFO] [stdout] Some errors have detailed explanations: E0432, E0599.
[INFO] [stdout] 
[INFO] [stdout] For more information about an error, try `rustc --explain E0432`.
[INFO] [stdout] 
[INFO] [stderr] error: could not compile `mandarin-webutil` (bin "mandarin-webutil") due to 3 previous errors
[INFO] [stderr] warning: build failed, waiting for other jobs to finish...
[INFO] [stdout] error: aborting due to 2 previous errors
[INFO] [stdout] 
[INFO] [stdout] 
[INFO] [stdout] Some errors have detailed explanations: E0432, E0599.
[INFO] [stdout] 
[INFO] [stdout] For more information about an error, try `rustc --explain E0432`.
[INFO] [stdout] 
[INFO] [stderr] error: could not compile `mandarin-webutil` (bin "mandarin-webutil" test) due to 3 previous errors
[INFO] running `Command { std: "docker" "inspect" "d59570a2ab94ba7806990040ac510fb687a343b011596baf73ae1dc670cd4fb9", kill_on_drop: false }`
[INFO] running `Command { std: "docker" "rm" "-f" "d59570a2ab94ba7806990040ac510fb687a343b011596baf73ae1dc670cd4fb9", kill_on_drop: false }`
[INFO] [stdout] d59570a2ab94ba7806990040ac510fb687a343b011596baf73ae1dc670cd4fb9
